. Let v(j) be the first derivative of -j**4/4 - 5*j**3/3 - 5*j**2/2 - j + 9. Calculate v(s).
3
Let w(h) = h**2 + 7*h + 2. Let t(y) = y**2 + y - 37. Let f be t(5). Calculate w(f).
2
Suppose 0 = 4*t - 8, -2*t - 2*t = -j - 10. Let k(h) = 3*h**3 + 3*h**2 + 2*h - 2. Determine k(j).
-18
Let z(r) be the third derivative of -1/8*r**4 + 3*r**2 - r**3 - 1/60*r**5 + 0*r + 0. Calculate z(-4).
-10
Let a be (0 - -1 - -1) + -1. Suppose -a = -2*v + 3*w, 4*v - w - 11 = 2*w. Let z(l) = -4*l + 0*l**2 + l**2 + 0*l - 4. Give z(v).
1
Let w be 140/34 - 4/34. Let m(v) = 4 + w*v**2 + 3 - 3*v**2 - 5. Calculate m(-3).
11
Let f be 8/(-6)*(-27)/6. Let i(q) = -7*q**2 - f*q + 0*q - 3*q**3 + 2*q**3. Determine i(-6).
0
Suppose -2*q + 6*q - 4*k - 16 = 0, -3*q + 2*k + 12 = 0. Let l = 6 + -4. Let p(r) = r**l - r + 0*r - 3*r. Give p(q).
0
Let h(a) = a**2 + 8*a + 3. Let n be h(-6). Let f(q) = q + 14. Let y be f(n). Let w(i) = 2*i + 2 + i - 3 - i**3 + 4*i**2. Calculate w(y).
-11
Let c(o) = -3*o**3 - o**2 - o. Let h be c(-1). Let d(t) = 7 - h*t - 4 + 2 + 1. Suppose 0 = -3*u + 6*u - 12. Give d(u).
-6
Let w(d) = 2*d - 4. Suppose -2*m = -2*c - 4 - 16, m - 3*c - 20 = 0. Give w(m).
6
Let h = 3 - 3. Suppose f + 2*m - m + 7 = h, -2*m - 6 = 0. Let a(z) = 2*z + 3. Let i be a(f). Let v(k) = -k**2 - 4*k + 6. Determine v(i).
1
Let d(f) = -f**3 + 16*f**2 - 14*f - 15. Let b be d(15). Let y(q) = -q + 9. Give y(b).
9
Let s(d) = 3 - 6 + 0*d - 3*d. Let k(r) = r**2 - r - 2. Let h be k(0). Calculate s(h).
3
Let s = 1 + 7. Suppose 2*k + 1 = 2*h - 3, -3*k - s = -2*h. Let u(m) be the second derivative of -m**4/6 - m**3/3 - m**2 - 8*m. Determine u(h).
-6
Let y be 0/(-1) + (-2)/(-2). Let b = y - 5. Let c(d) = -3*d**2 - 5*d + 3. Let t(k) = 7*k**2 + 10*k - 6. Let a(r) = b*t(r) - 9*c(r). What is a(4)?
1
Let w(v) = 9*v - 15. Let o(a) = -4*a + 7. Let b(y) = 13*o(y) + 6*w(y). Let n = 2 - 1. What is b(n)?
3
Let j(t) = -3*t + 4*t + t + 4. Let y(c) = c**3 - 11*c**2 + 9*c + 8. Let l be y(10). Let d be l*(-3)/((-6)/4). Give j(d).
-4
Suppose -4*d - h = 33, d - 4*d - 46 = 5*h. Let u(z) = -z**2 - 6*z + 10. Give u(d).
3
Suppose 0*m + 3*m = -18. Let a(y) = y**3 + y**2. Let n(o) = -5*o**3 - 12*o**2 - o + 7. Let z(s) = m*a(s) - n(s). Give z(6).
-1
Let c be (-1 + 3)/(4/14). Suppose -c - 23 = 5*n. Let o(d) = -d**3 - 5*d**2 + 5*d - 8. What is o(n)?
-2
Let f = 0 - -1. Let b(x) be the first derivative of -3 - 4*x + 5 - x**2 + 5*x. Determine b(f).
-1
Let v(c) = -11*c**3 - 10*c**2 + 7*c + 6. Let p(j) = 5*j**3 + 5*j**2 - 3*j - 3. Let d(i) = 9*p(i) + 4*v(i). Determine d(-4).
9
Let f be (-34)/24 + 6/4. Let s(i) be the second derivative of f*i**4 - i + i**3 + 3/2*i**2 + 0. Determine s(-5).
-2
Suppose -8 = 2*u, 3*y = 5*u + 15 + 14. Let f(q) = q**3 - 4*q**2 + q - 2. Calculate f(y).
-8
Let y(p) = -p - 2*p**2 + 4 + 4*p - 2*p. Suppose 5*g + 36 + 4 = 0. Let i be g/(-14) + 17/7. Determine y(i).
-11
Let i(z) be the second derivative of z**5/120 - z**3/3 + z. Let y(j) be the second derivative of i(j). Calculate y(1).
1
Let r(o) be the third derivative of o**6/120 + o**5/60 - 2*o**3 + 18*o**2. Give r(0).
-12
Let n(w) = -w**2 - 6*w + 2. Let z(k) = k**2 + 3*k - 3. Let l be z(-5). Let x = -12 + l. Determine n(x).
7
Let c = -714 - -719. Let l(k) be the first derivative of 1 - 7/2*k**2 + 5*k + 1/3*k**3. Give l(c).
-5
Let h(c) = -c**2 + 8*c - 9. Suppose 0*u = -2*u - q + 13, 5*u - 32 = -2*q. Calculate h(u).
3
Let g(v) = -3*v + 2. Suppose -4*k - 5*j = -11, -4*j - 1 + 17 = 5*k. Calculate g(k).
-10
Let f(u) = -2*u - 3. Let l(n) = -2*n**2 + 7*n + 9. Let k be l(5). What is f(k)?
9
Let a be 1*-3*5/3. Let o(k) = 6*k + 9*k - 14*k. Let s be o(a). Let m(n) = -n**3 - 6*n**2 - 8*n - 7. Give m(s).
8
Suppose 0 = -y + 2 - 0. Suppose d - 6 = -y*l - 2, -5*d = -3*l + 6. Let o(z) = -z**2 + 0 + 3*z + 0 - 3. What is o(l)?
-1
Let q(r) = 3*r**2 - r + 1. Let s be q(1). Let w(k) = -3*k + 17. Let m(j) = -j + 6. Let t(u) = -17*u. Let y be t(-1). Let i(n) = y*m(n) - 6*w(n). What is i(s)?
3
Let s(m) = -m**2 - 2*m. Suppose i = x + 1, i = -2*i + x + 5. Calculate s(i).
-8
Suppose -v + 1 = 5*t, 0 = 4*v - 5*v + 4*t + 10. Let f(a) = v*a**2 - 7 + a**2 + a - a**3 - 7*a. Calculate f(6).
-7
Let b(l) be the third derivative of l**5/60 + l**4/4 + l**3/3 + 13*l**2. Give b(-6).
2
Let t(g) = -g**2 + 5*g + 8. Let k(u) = u**3 + 4*u**2 + u + 3. Let r be k(-3). Suppose -2*d + 5 = j - r, 0 = -3*j - d + 22. Give t(j).
2
Let f(l) = -l**3 - 4*l**2 - l - 1. Let j = 9 + -5. Suppose i + 8 = -5*h, 3*h + 5*i = -0 + j. Determine f(h).
-7
Suppose -2*j + 0*i + 1 = i, 1 = -3*j - 4*i. Let x(q) be the second derivative of q**5/4 + q**3/6 - q**2/2 - 11*q. Give x(j).
5
Let v(z) = 3*z - 9 + 13 + 0*z. Let r(i) = i**2 - 7*i + 2. Let c be r(6). What is v(c)?
-8
Suppose -3 = -4*j + 3*j. Let q(t) = 4*t**2 - t**2 + 2*t - t**2 - j. Let u(w) = -w + 5. Let g be u(8). Determine q(g).
9
Let m(g) = -4*g + 1. Let o(f) = 7 - 3*f + 2*f + 2*f. Let k = -10 - -4. Let b be o(k). Give m(b).
-3
Let j be 26/8 + 2/(-8). Suppose 0*d - 4*d + 12 = 0. Let n(q) = 2 - d - 3 - q + 2*q + q**2. Calculate n(j).
8
Suppose -2*b - 14 = -2. Let f(u) = u**2 + 7*u + 1. What is f(b)?
-5
Let l(x) = -6 + 0 + 5 - x. Let u(q) = q**3 - 8*q**2 + 9*q - 8. Let a be u(7). What is l(a)?
-7
Let y(s) be the first derivative of -s**4/4 - 2*s**3 - 3*s**2 + s + 21. Give y(-5).
6
Let k(h) = -2*h - 3*h + 3*h. Let m = -47 + 46. What is k(m)?
2
Let n(g) = 0*g + 3*g**2 - g - 4*g**2. Let b(m) = -m**3 - 13*m**2 - 1. Let z be b(-13). Give n(z).
0
Let g(a) = -a**2 + 2*a - 1. Suppose 5*s = 3*s + 14. Suppose -4*k - s = -19. Give g(k).
-4
Let t(s) = -3*s - 1. Let l be -6*((-7)/(-3) - 2). Let v be (-3)/6*(4 + l). Give t(v).
2
Let w be (-10 + (0 - -1))*-1. Let o be ((-12)/w)/(2/3). Let j be (o/2)/(6/18). Let y(v) = -v - 3. What is y(j)?
0
Let o(m) = -5*m**3 + 10*m**2 - 9*m - 1. Let s(l) = 6*l**3 - 11*l**2 + 10*l + 1. Let i(v) = 5*o(v) + 4*s(v). Let y = 163 + -158. Determine i(y).
-1
Suppose -3*p + 3 = 2*n, 4*n + 13 = -3*p + 4. Let k(i) = i + 1. Give k(n).
-5
Let c(f) = -4*f**3 - 12*f - 7. Let v(q) = -3*q**3 + q**2 - 11*q - 7. Let g(j) = -4*c(j) + 5*v(j). Suppose -33 = 4*r - 3*k, 0*k = 4*r + k + 21. Calculate g(r).
-1
Let g(c) be the first derivative of -c**7/840 - c**6/90 - c**5/40 - c**4/4 + 2*c**3/3 - 1. Let f(w) be the third derivative of g(w). Determine f(-4).
6
Let u(y) = -10*y**3 - 15*y**2 + 3*y - 1. Let m(c) be the first derivative of -3*c**4/4 - 5*c**3/3 + c**2/2 - 2. Let t(d) = -7*m(d) + 2*u(d). Give t(-5).
3
Let g(c) = -c**2 + 1. Let r(s) = -s**2 + 5*s + 6. Let u(j) = -2*g(j) + r(j). What is u(-5)?
4
Suppose 0 = 2*c - c. Suppose 0 = -c*o + 3*o. Let h(z) be the first derivative of -z**3/3 + 5*z + 8. Calculate h(o).
5
Let r(d) be the first derivative of -d**3/3 + 3*d**2 - 5*d - 5. Calculate r(7).
-12
Let y(l) = l**3 - 6*l**2 - 5. Suppose 26 - 2 = 4*x. Determine y(x).
-5
Let l(m) = -3*m + 122*m**2 - 123*m**2 - 2*m. What is l(-6)?
-6
Let u(k) = -4*k + 5 - 13*k**3 + 4*k**2 + 14*k**3 + 4*k. Suppose -11 = 3*g + 1. Calculate u(g).
5
Let z(u) = -u**2 + 2*u. Let c = 4 - 2. Let p be z(c). Let d(o) = -o**3 + 6. Determine d(p).
6
Suppose -5*j = 5*m - 25, 2*j + 2*m + 2*m - 16 = 0. Suppose -2*t + 0 - j = 0. Let w(b) = -b - 1. Determine w(t).
0
Suppose 6*w - 90 = -9*w. Let b(u) = 4*u + 2. Give b(w).
26
Let m(c) be the third derivative of -c**6/120 + c**5/15 - c**4/12 + 5*c**3/6 - 9*c**2. What is m(4)?
-3
Let d = -3 + 5. Suppose 2*c - 1 = 3*n, 4*n + 4 = -3*c + 7*c. Let g(b) = 0*b + 0*b - d*b + 0*b**2 + 2 + b**c. Give g(2).
2
Let p(q) = -q + q + 3*q + 2. Let k(w) = -5*w**3 - 8*w - 2. Let y(j) = 4*j**3 - j**2 + 7*j + 1. Let s(f) = -3*k(f) - 4*y(f). Let r be s(2). Determine p(r).
8
Suppose -3 - 6 = -3*s. Suppose s + 2 = t. Let h(z) = z**2 - 8*z + 3. Calculate h(t).
-12
Let p(o) = -2*o**3 - 19*o**2 - 8*o - 11. Let h = -11 - -7. Let b(r) = r**3 + 9*r**2 + 4*r + 5. Let v(i) = h*p(i) - 9*b(i). Give v(-3).
-7
Let g(l) = -4*l**2 - l - 14. Let r(k) = k. Let x(f) = g(f) + 2*r(f). Let b = 2 + 1. Let y(q) = 3*q**2 - q + 13. Let j(o) = b*y(o) + 2*x(o). What is j(0)?
11
Let b(n) = n**3 + 4*n**2 - n + 4. Let d = -21 + 17. Give b(d).
8
Let h(d) = -2 + 0 + 0*d + d - 3. Give h(5).
0
Let r = 3 + -8. Let k be (-2)/r + 84/(-35). Let h(l) = 2*l**3 + 2*l**2 + 2*l + 1. Determine h(k).
-11
Let j = -31 - -27. Let